Let r = -8 - 5. Let l = 21 - r. What is the tens digit of l?
3
Suppose -4*j - 4*o + 20 = 0, j - 2*j - 1 = -o. Suppose 69 = j*k - s - 2*s, 5*s - 193 = -4*k. What is the tens digit of k?
4
Let j = -1475 + 2117. What is the units digit of j?
2
Suppose 5*j = -10, -7*j - 681 = -r - 9*j. What is the hundreds digit of r?
6
Let n(d) = 2*d**2 - 18*d - 12. What is the tens digit of n(-4)?
9
Let n be 2/9 - (-50)/18. Let d(l) = 8*l + 0 + 1 - 5 + n. What is the units digit of d(1)?
7
Let w(z) = -103*z - 601. What is the thousands digit of w(-44)?
3
Let i(g) = g**2 - 7. Let c be i(5). Suppose 0*v + c = -2*v. What is the units digit of 3/v - (-264)/9?
9
Let u be (-184)/(-20) + 2/(-10). Suppose -1 - 107 = -18*x. What is the units digit of x/u*10*3?
0
Let d(x) = -35*x + 812. What is the tens digit of d(20)?
1
Let d(m) = 46*m + 24. Let v = 34 - 31. What is the tens digit of d(v)?
6
Suppose -4*d - 2*j + 2114 = 0, 3*d - j + 494 = 2082. What is the hundreds digit of d?
5
Let d(h) = -7*h + 19. Let s(x) = 8*x - 18. Let c(j) = -4*d(j) - 3*s(j). What is the tens digit of c(16)?
4
Let y = -2669 - -5928. What is the units digit of y?
9
What is the hundreds digit of 5 - 148/8*-110?
0
Let d(x) be the second derivative of x**4/12 + 3*x**3/2 + 9*x**2/2 + 2*x. Let z be d(-9). Suppose l - z - 11 = 0. What is the tens digit of l?
2
Let h be (-19)/(-5) - 11/(-55). Suppose 5*v - 30 = 3*d, h*v - 3*d - 24 = -0*v. Let j(l) = l + 5. What is the units digit of j(v)?
1
Suppose 222 = -5*x - h + 2337, 444 = x - 4*h. What is the units digit of x?
4
Let j(a) = 33*a**2 + 24*a + 135. What is the hundreds digit of j(-12)?
5
Suppose -2*y + j - 108 = -675, y + 2*j - 291 = 0. What is the tens digit of y?
8
Let o = 8 + -8. Suppose o = -3*q - 19 + 106. Let w = q - 13. What is the tens digit of w?
1
Suppose -a = -28 + 24. Suppose -3*t = 4*x - 228, 6*x - 286 = x - a*t. What is the units digit of x?
4
Let a(p) = -p + 16. Let x(n) = -n + 17. Let u(g) = -4*a(g) + 6*x(g). What is the units digit of u(-6)?
0
Suppose 2*n + 180 = 4*z + 5*n, -5*n = z - 62. Suppose 3*j = -3*j + z. What is the units digit of j?
7
Let t = 491 - 51. What is the units digit of t?
0
Suppose -695 - 2485 = -4*p. What is the units digit of p?
5
Let t(k) = k**3 + k**2 - k + 26. Let x(h) = -4*h - 5. Let u be x(-3). Suppose -u*s + 12*s = 0. What is the tens digit of t(s)?
2
Let a be (32/(-12))/(6/(-9)). Let c = -2 + a. Suppose 0 = -n + 5, n + c = 2*f + 3. What is the units digit of f?
2
Let m(q) = 888*q - 158. What is the units digit of m(2)?
8
Suppose -143*j - 453 = -146*j. Let s be 3*2/3 + 103. Let v = j - s. What is the units digit of v?
6
Let k = 71 - -224. What is the tens digit of k?
9
Let a(b) = 3*b**3 + 14*b**2 + 7*b + 83. What is the tens digit of a(9)?
6
Suppose 5*p - 2*l + 3*l - 24 = 0, -4*p + 24 = -4*l. Suppose 13 = -m + 3*a, -5*a = -0 - p. Let b(g) = g**2 + 8*g + 3. What is the units digit of b(m)?
3
Let h = 60 + -4. Suppose -h*m + 52*m + 828 = 0. What is the hundreds digit of m?
2
Suppose 14205 = -36*s + 39*s. What is the hundreds digit of s?
7
Let f(s) = s**2 - 69 + 0*s**2 + 53. What is the tens digit of f(-10)?
8
Let z be -57*((-4)/(-18))/(6/(-9)). Let m(k) = -k**3 + 6*k**2 - 7*k + 4. Let t be m(5). Let h = t + z. What is the tens digit of h?
1
Let k(f) = -434*f**3 - 2*f**2 + 11*f + 13. What is the units digit of k(-1)?
4
Let o(f) = 3*f**2 - 5*f - 79. What is the units digit of o(10)?
1
Let n(v) = -4*v**2 + 10*v + 3*v**2 - 5*v + 0*v**2 + 1. Let t be n(5). Suppose -t = g - 2*g, -2*k = -4*g - 78. What is the units digit of k?
1
Let b(c) = 5*c**2 - 53*c + 5. What is the thousands digit of b(25)?
1
Let a(q) = 2*q**2 - 3*q - 16. What is the hundreds digit of a(-18)?
6
Let a(m) = 366*m**2 + 3*m + 3. What is the tens digit of a(-1)?
6
Let h = 982 + -513. What is the hundreds digit of h?
4
What is the thousands digit of ((-1632)/510)/((-1197)/(-1200) - 1)?
1
Let y be ((2 - 2) + -1)*-55. Suppose -2*m = -3*m + y. What is the units digit of 1188/m - 4/(-10)?
2
Let y(o) = -12*o + 8. Let k be y(-4). Let f be k + -4 + -4 - 2. What is the tens digit of f - (4 + 0/(-1))?
4
What is the hundreds digit of (-124)/(-24) + -5 + 7287/18?
4
Let j(f) = 5*f**2 - 47*f - 294. What is the units digit of j(31)?
4
Suppose -24*m - 6842 = -2*q - 26*m, 6839 = 2*q + 3*m. What is the units digit of q?
4
Suppose 4*j = -c + 2*j + 98, 2*j - 530 = -5*c. What is the hundreds digit of c?
1
Suppose -2*k + 102 = 2*g, 2*k + 4*g = 56 + 56. What is the units digit of k + ((-52)/(-60) - 6/(-45))?
7
Suppose -9 - 5 = -2*m. Suppose -4*t + 2*q + 164 = 0, m*q = 5*t + 3*q - 208. Suppose -2*y = -6*y + t. What is the units digit of y?
0
Suppose -p + 6 - 2 = 0, 0 = -3*o - p - 179. Let x = o - -107. What is the tens digit of x?
4
Let t(c) = c**3 - 17*c**2 + 28*c - 2. Let h be t(18). Suppose s + 6*s = h. What is the units digit of s?
8
Suppose 7*z - 5328 = 8770. What is the units digit of z?
4
Suppose -z - 4*j + 6461 = 2182, 2*z = 5*j + 8519. What is the thousands digit of z?
4
Let w = -29 - -40. Suppose 4*v + 18 = a, 0 = -4*a + v + 1 + w. Suppose -5*z = a - 7. What is the units digit of z?
1
What is the tens digit of 69/9*6 - -4*1?
5
Let r(z) = 3*z**2. Let b be r(1). Suppose 23 = 4*i + b. Suppose -66 = -i*d + 14. What is the units digit of d?
6
Let c = 100 - 195. Let w = -55 - c. What is the tens digit of w?
4
Suppose -4*q + 19 = -13. Suppose f - q = -f. Suppose 2*s + 22 = f*s. What is the units digit of s?
1
Let m(c) = -5*c + 4. Let t be m(-2). Suppose -2*u = j - 0 + t, 0 = -u. Let w = j - -54. What is the units digit of w?
0
Let t(p) = p**2 - 7*p - 9. Let b be t(-3). Suppose b*i = 18*i + 198. What is the tens digit of i?
6
Suppose -5*f + 830 = 4*b, 5*f - 3*f - 414 = -2*b. What is the units digit of b?
5
Let p(a) = 2*a**2 - 19*a - 69. What is the hundreds digit of p(-22)?
3
Let i(g) = -4*g - 8. Let u = 14 + -21. Let w be i(u). What is the units digit of 5/w + (-62)/(-8)?
8
Suppose -13 = -3*k + 2*k. Let f = -303 - -338. Let p = f - k. What is the units digit of p?
2
Let u(f) = -30*f - 8. Let i be u(-4). Suppose -3*d = 5*g - 188, -2*d = -g + 4*g - i. What is the units digit of g?
0
Let y(h) = h - 3*h + 8 + 0. Let r be 34*8/(-28) + 2/(-7). What is the units digit of y(r)?
8
Let h be 10*((-21)/(-2) - 3). Suppose -3*i - 243 = h. What is the units digit of i/(-5) + (-9)/45?
1
Let y(w) be the second derivative of w**4/12 - 3*w**3/2 - 10*w**2 - 6*w. What is the units digit of y(-7)?
2
Let v = -37 + 47. What is the tens digit of v?
1
Let y be 5*(-1)/(-2 - -3). What is the units digit of 224 - (y + 6 - 2)?
5
Suppose 29*q = -0*q + 12035. What is the tens digit of q?
1
Let l(v) = -82 + 17*v + 8 + 28. What is the hundreds digit of l(19)?
2
Let w(p) = -p**3 + 7*p**2 - 8*p + 4. Let f be w(6). Let a = f - -11. What is the tens digit of (-285)/(-9) - 2/a?
3
Let r(o) = 83*o**2 - 4*o - 27. What is the thousands digit of r(-5)?
2
Suppose -g + 4 = 0, l + 2 = -2*g + 1. Let b be 30/l*3/(-2). Suppose 4*w - 27 = -b*q - 0, 0 = 3*q + w - 19. What is the units digit of q?
7
Suppose -4*v - 5521 = -3*b + v, 3*b - 3*v - 5517 = 0. What is the thousands digit of b?
1
Let z = -2382 - -3936. What is the thousands digit of z?
1
Suppose -11*b + 10*b = -527. What is the tens digit of b?
2
Suppose 5*o - 3279 = 2*z, 0 = o - 6*o - 3*z + 3294. What is the hundreds digit of o?
6
Let u(l) = l. Let z(v) = -10*v**2. Let j(g) = 3*g - 25. Let c be j(8). Let w(k) = c*z(k) + u(k). What is the units digit of w(-1)?
9
Let c = 151 + -519. Let g = c + 635. What is the units digit of g?
7
Let s = -4 + 8. Suppose -s*f - 15 = -i - 511, -2*f + 4*i + 234 = 0. What is the hundreds digit of f?
1
Let s(k) = k**3 - 16*k**2 - 14*k - 36. Let i be s(17). Suppose -232 = -w + 3*q, -6*q + q + i = 0. What is the tens digit of w?
4
Suppose 0 = -4*h - 65 - 23. Let x = -18 - h. Suppose x*r - 5*m - 104 = 0, 5*m - 2*m - 130 = -5*r. What is the units digit of r?
6
Let k = -3025 - -4695. What is the tens digit of k?
7
Let z = -2834 - -5749. What is the hundreds digit of z?
9
Let i(c) = c**3 + 13*c**2 - 16*c - 14. Let a be i(-14). Suppose 8*x = x + a. What is the units digit of x?
2
Let d be 1/7 + 987/(-49). Let h = -15 - d. Suppose -h*z = 5*r - 105, 0 = r + 2*r - z - 75. What is the tens digit of r?
2
Let q = 81 + 45. What is the tens digit of q